he remainder when 337746 is divided by 8660?
6
What is the remainder when 18972383 is divided by 8?
7
Calculate the remainder when 126736 is divided by 178.
0
Calculate the remainder when 88110409 is divided by 584.
577
Calculate the remainder when 4720454 is divided by 1399.
228
What is the remainder when 365758 is divided by 349?
6
What is the remainder when 24431489 is divided by 733?
599
Calculate the remainder when 2002432 is divided by 333734.
28
What is the remainder when 50533 is divided by 927?
475
Calculate the remainder when 403874 is divided by 59.
19
What is the remainder when 1218409 is divided by 232?
177
Calculate the remainder when 202047 is divided by 93.
51
Calculate the remainder when 1208207 is divided by 587.
161
What is the remainder when 123771382 is divided by 20925?
7
What is the remainder when 780856 is divided by 1047?
841
What is the remainder when 48032 is divided by 12002?
24
What is the remainder when 41375 is divided by 5038?
1071
Calculate the remainder when 142820 is divided by 4760.
20
Calculate the remainder when 505391 is divided by 8565.
56
What is the remainder when 443374 is divided by 5155?
44
Calculate the remainder when 38441149 is divided by 9610285.
9
Calculate the remainder when 813607 is divided by 813606.
1
Calculate the remainder when 72816 is divided by 8086.
42
Calculate the remainder when 116257 is divided by 7749.
22
Calculate the remainder when 422740 is divided by 854.
10
Calculate the remainder when 508554 is divided by 3239.
31
What is the remainder when 14199532 is divided by 2028499?
39
Calculate the remainder when 57876703 is divided by 17169.
4
Calculate the remainder when 9292 is divided by 283.
236
Calculate the remainder when 4348 is divided by 537.
52
Calculate the remainder when 1214087 is divided by 798.
329
What is the remainder when 70386876 is divided by 128678?
10
What is the remainder when 110574 is divided by 36712?
438
What is the remainder when 34815 is divided by 386?
75
What is the remainder when 256933 is divided by 66?
61
Calculate the remainder when 278473 is divided by 31.
0
What is the remainder when 40025550 is divided by 196?
194
What is the remainder when 92350922 is divided by 977?
974
What is the remainder when 7562 is divided by 188?
42
What is the remainder when 142255 is divided by 20265?
400
What is the remainder when 99314902 is divided by 863?
862
What is the remainder when 8579602 is divided by 400?
2
What is the remainder when 71463837 is divided by 32?
29
Calculate the remainder when 92943 is divided by 137.
57
What is the remainder when 2661116 is divided by 221738?
260
Calculate the remainder when 1825906 is divided by 456468.
34
What is the remainder when 7788 is divided by 186?
162
Calculate the remainder when 1667992 is divided by 414.
400
Calculate the remainder when 47476 is divided by 12281.
10633
Calculate the remainder when 2376550 is divided by 235.
230
What is the remainder when 68550 is divided by 8564?
38
What is the remainder when 371583 is divided by 713?
110
What is the remainder when 1532698468 is divided by 90?
88
What is the remainder when 867847 is divided by 19?
3
What is the remainder when 482218 is divided by 158962?
5332
What is the remainder when 612391049 is divided by 91?
88
Calculate the remainder when 130100 is divided by 129964.
136
Calculate the remainder when 90761702 is divided by 519.
20
What is the remainder when 4984394 is divided by 118676?
2
Calculate the remainder when 20171424 is divided by 544.
448
What is the remainder when 16330809 is divided by 578?
575
Calculate the remainder when 44659 is divided by 5541.
331
Calculate the remainder when 198262 is divided by 15250.
12
Calculate the remainder when 2607833 is divided by 128.
89
What is the remainder when 13274079 is divided by 553084?
63
Calculate the remainder when 5773126 is divided by 567.
499
What is the remainder when 1348362 is divided by 168?
162
What is the remainder when 96160 is divided by 1413?
76
What is the remainder when 1620141 is divided by 104?
29
Calculate the remainder when 40188403 is divided by 81.
10
Calculate the remainder when 934101 is divided by 297.
36
What is the remainder when 22423 is divided by 1013?
137
Calculate the remainder when 26298 is divided by 6208.
1466
Calculate the remainder when 3949527 is divided by 39.
36
Calculate the remainder when 4376757 is divided by 72.
21
What is the remainder when 419421 is divided by 18?
3
What is the remainder when 121157 is divided by 9314?
75
What is the remainder when 571344209 is divided by 727?
725
Calculate the remainder when 984515 is divided by 984434.
81
What is the remainder when 71314611 is divided by 9?
6
Calculate the remainder when 1921594 is divided by 1307.
304
Calculate the remainder when 8629576 is divided by 809.
782
What is the remainder when 73499273 is divided by 1163?
1162
Calculate the remainder when 7321344 is divided by 56318.
4
What is the remainder when 9112998 is divided by 242?
4
Calculate the remainder when 470738 is divided by 470717.
21
Calculate the remainder when 137991 is divided by 1352.
87
Calculate the remainder when 11749088 is divided by 967.
38
Calculate the remainder when 516346 is divided by 2332.
974
Calculate the remainder when 990628 is divided by 15722.
142
Calculate the remainder when 14968209 is divided by 404546.
7
What is the remainder when 6780811 is divided by 93?
88
What is the remainder when 2069373 is divided by 195?
33
What is the remainder when 336530 is divided by 10494?
722
What is the remainder when 924668 is divided by 325?
43
Calculate the remainder when 40037 is divided by 142.
135
Calculate the remainder when 13534433 is divided by 1029.
1025
Calculate the remainder when 114299 is divided by 6659.
1096
What is the remainder when 4689218 is divided by 303?
293
Calculate the remainder when 483813 is divided by 2309.
1232
What is the remainder when 398471 is divided by 18109?
73
What is the remainder when 526904 is divided by 526623?
281
Calculate the remainder when 269521 is divided by 6872.
1513
What is the remainder when 564131 is divided by 511?
498
What is the remainder when 76355 is divided by 9975?
6530
What is the remainder when 319839508 is divided by 147?
142
Calculate the remainder when 487355 is divided by 3009.
2906
What is the remainder when 18052506 is divided by 231442?
30
What is the remainder when 666722084 is divided by 106?
104
What is the remainder when 40218 is divided by 933?
99
Calculate the remainder when 244342 is divided by 391.
358
What is the remainder when 341796 is divided by 681?
615
What is the remainder when 291242 is divided by 200?
42
Calculate the remainder when 43991 is divided by 14466.
593
What is the remainder when 502600 is divided by 2166?
88
What is the remainder when 132789 is divided by 2107?
48
Calculate the remainder when 94001992 is divided by 5951.
5947
What is the remainder when 5109072 is divided by 10?
2
What is the remainder when 1376245 is divided by 2358?
1531
What is the remainder when 91668317 is divided by 34?
33
What is the remainder when 3366687 is divided by 160318?
9
Calculate the remainder when 3479008 is divided by 109.
55
What is the remainder when 129884 is divided by 307?
23
What is the remainder when 101671881 is divided by 13?
12
What is the remainder when 120077098 is divided by 33?
31
Calculate the remainder when 33186093 is divided by 47.
4
What is the remainder when 1975545213 is divided by 35?
33
Calculate the remainder when 2273388 is divided by 2351.
2322
What is the remainder when 2304879 is divided by 384110?
219
What is the remainder when 297693 is divided by 222?
213
Calculate the remainder when 8275670 is divided by 318295.
0
Calculate the remainder when 175505 is divided by 763.
15
What is the remainder when 7264444 is divided by 657?
652
What is the remainder when 1089093 is divided by 150?
93
Calculate the remainder when 11309364 is divided by 11309348.
16
Calculate the remainder when 983443 is divided by 983142.
301
Calculate the remainder when 618769 is divided by 465.
319
What is the remainder when 2506617 is divided by 4069?
113
Calculate the remainder when 30495 is divided by 3262.
1137
What is the remainder when 373819 is divi